 (-6 + 7 + -4) - (842 - 853).
-71
What is (14 + 27 - 34) + -36?
-29
What is the value of -19 - (65 + 104 + -112)?
-76
2 + 7 - (-14 - -8 - -3) - (1076 - 1123)
59
Calculate 39 - (-13 - (37 + (2 - 17))).
74
Evaluate 888 - 856 - (-3 + 6 + 7).
22
What is 60 - (49 + -26 + 13)?
24
What is the value of (-27 - -1) + (111 - 82) + -12 + 1 + -43?
-51
-18 + (46 - 30) + 21
19
-11 - (63 + (-36 - -38) + -38)
-38
What is -10 + 18 - (-7 + (-4 - -16) + (13 - 4))?
-6
Evaluate (-5 - -56) + -360 + 327.
18
Calculate 4 + -12 + 2 + 27 + (5 - -8 - 9).
25
-1257 + 1287 + -2 + 38
66
What is -12 + 9 - (10 + -8 + 19)?
-24
What is (14 - -1) + (7 - -33) + -141 + 25?
-61
(-213 - -247 - (2 - -55)) + 107
84
What is the value of -30 + (2 - 2) - (-212 + 268 + -66)?
-20
What is (46 - -27) + -54 + -41 - (-155 + -1)?
134
-45 - (-33 + 93 - 43)
-62
Calculate 35 - (82 - (-10 - (25 - 37))).
-45
-28 + (-23 - (12 + -34)) - -38
9
14 + -6 + 9 + 2 + -40 - -10
-11
Evaluate -107 - -88 - (-20 - (85 - -20)).
106
What is the value of (-18 - -95 - 12) + 8 + -28?
45
Calculate -91 + 89 + -53 + 18.
-37
Evaluate 55 + (-36 + 35 - 41).
13
Calculate -10 + 2 - (-82 - -141 - 41).
-26
What is the value of (51 - 37 - -11) + -27?
-2
Calculate (-64 - (-62 + 106)) + (-7 - -8).
-107
Calculate -74 - ((-108 - -26) + 0).
8
111 - (82 - -5) - (11 - 1)
14
Calculate (-1 + (-6 - (-11 - 6)) - 8) + -51.
-49
Calculate (20 - 0) + (1 - -16) + 191 + -215 - 44.
-31
-24 + (-54 - -115 - 6) - (12 - 1)
20
Evaluate -49 - (-14 + -45) - 8 - 110.
-108
4 - (-5 - (-9 + 0 + -175 + 190) - 121)
136
2387 - 2430 - (1 + -87)
43
(-49 - (33 - 62)) + 81 + -1 + -18
42
Evaluate (12 - 9) + -7 + 14 + (-5 - 14) - -106.
97
What is the value of (-55 - -3) + (116 - 40 - 42)?
-18
(1 - -8) + (36 - 8 - 44) + -1 + 57
49
Evaluate -36 + 15 - (14 - 10 - 10).
-15
Calculate (620 - 634) + (7 - -89).
82
What is 93 - (-37 + (-37 - -185))?
-18
Evaluate -3 - -3 - -2 - (-14 + 20 + -7).
3
What is the value of 61 + -7 - (-371 + 479)?
-54
Calculate (3 - 0) + 7 + (-10 - ((-4 - 3) + -2)).
9
What is -77 - (4 - (134 + -13))?
40
What is the value of -2 - -10 - (17 + 197 - 73)?
-133
What is -7 + -7 + (-16 - -14 - -3) + -2?
-15
Calculate -26 + 28 + 2 + -13 - (55 - 1).
-63
Calculate 9 + (54 - 1 - (326 - 327)).
63
What is 49 + 0 + -9471 + 9371?
-51
Calculate 129 + (-41 - 23) - 18.
47
What is the value of 3 + (3 - 1) + (7 - -87) + -84?
15
What is (0 - (-5 - (-5 + 14) - -18)) + -21?
-25
What is (-2 - 7) + -27 + 26 + 56 - (0 + -10)?
56
What is the value of -18 + 7 + (-3 - 1) - (-753 - -720)?
18
Evaluate -4 + -51 + 3 + (-9 - (-11 + -1) - 4).
-53
What is the value of -10 + 4 + -3 + (0 - (6 + -13))?
-2
What is the value of 1 - 53 - (22746 - 22861)?
63
What is the value of -202 + 45 + 57 - (15 + 3 + -5) - -8?
-105
Evaluate (-46 - (12 + -3 - (17 + (0 - 18)))) + 13.
-43
What is the value of (626 - 641) + -4 + -5?
-24
What is the value of -91 + (2 - (2 - 4) - (-77 + 66))?
-76
Calculate -17 + (85 - ((-39 - 10) + 90)).
27
What is (-6 - (-7 + 10) - -7) + -5 + 39?
32
What is the value of -66 + (-31 + 23 - (-23 - 2)) + -15?
-64
What is 21 + 30 + -39 - -5?
17
What is -30 + -3 + -3 - (-10 - -3) - (-24 + 20)?
-25
What is (29 - (68 + -7)) + 23 + -7?
-16
(-14 - 38) + 33 + 90 - -29
100
Evaluate 10 - ((10 - 8) + -11) - (-19 + 11).
27
What is (3 - 4) + 10 + -1 + 5292 + -5298?
2
(-71 - 0) + (-94 - (55 - 123))
-97
What is the value of 28 + -29 - (-9 - (-66 + (-4 - -14)))?
-48
What is (2 + -5 + 14 - (-15 - -10)) + -90?
-74
What is the value of -8 - (-34 + 21 + -11 + 5 - -14)?
-3
Evaluate 18 - 23 - -20 - (66 - 18).
-33
What is the value of -27 + 0 + -2 - (-8829 - -8888)?
-88
Calculate (1 - 2) + -6 + 13 + -11 + (-3 - -34).
26
40 + 27 + -53 - (-43 - 3)
60
Evaluate -1 - (0 - (7 + -6)) - (-10 + -85 - -16).
79
What is -97 - -21 - -46 - (0 + -17)?
-13
What is the value of -102 + 1 - ((53 + -38 - 32) + 9)?
-93
Calculate (18 + 46 - 95) + 16.
-15
What is the value of (-1 - -3) + -1 + 28?
29
What is (67 - 99) + -34 + 30?
-36
What is the value of 1 - -10 - (0 + 26 + -1537 + 1605)?
-83
Calculate -177 - -169 - (-14 - (0 - -5) - -5).
6
Calculate (-47 - -81) + -23 + -28 + 2 + 0 + 3.
-12
What is the value of -2 + 0 + -1 - (-7 + -7 - -5 - -32)?
-26
What is the value of -10 - (9 + 45 + -7)?
-57
Evaluate 108 + -61 + -35 + 19.
31
Evaluate (21 - (0 + 2)) + -37 + -60.
-78
-2 + -3 + 0 - (0 + 46 + 653 + -624)
-80
(-51 - (-36 + 56 - (19 - 0))) + 8
-44
9 + 1 + (-16 - 1) + 104 + (14 - 75)
36
Calculate 12 + -15 + -11 + -9 - 21.
-44
Calculate 0 - (8 + 1) - (12 - (18 - 27 - 7)).
-37
What is 83 - (-21 - (32 - 23) - 7)?
120
What is 5 - 2 - -2 - (-66 + -63 + 154)?
-20
Calculate (1 - ((1 - 2) + -10)) + -17 - -75.
70
-39 - (-95 + (160 - 102))
-2
Calculate 31 + -2 - ((-21 - -6) + 9 - 8).
43
Evaluate 1 + -1 + (-8 - -5) + 58 - (36 + -44).
63
-45 + -1 + 20 + -6 + (-5 - -4)
-33
(2 - -6) + -2 - (-99 + (42 + -7 - 22))
92
Calculate 45 + (-28 - (-2 - -58)).
-39
Evaluate (65 - 49 - ((-1 - 4) + 21)) + -18.
-18
What is (1 - 1) + (42 - -10) - (-21 + -22 + 52)?
43
What is -12 + 67 + -16 + -36?
3
What is the value of -4 - ((-2 - 0) + 3 - (6 + -10 - 43))?
-52
What is -2098 + 2092 + 30 + 1?
25
Calculate 0 - 1 - (95 + -65 + 32).
-63
Evaluate -92 - (-34 + 165 + -109).
-114
Calculate 74 - (76 + (-10 - 61)).
69
What is 137 + 116 + -191 + (-1 + 4 - (2 - 2))?
65
What is -105 - (97 + -126 - (-4 - -11))?
-69
Evaluate 4 - (54 - (98 - 8)).
40
Calculate (-3 - -3 - 1) + -13 + -2 + (1768 - 1772).
-20
Evaluate 17 - (-30 - (41 - (-29 - -65))).
52
(0 - -1) + -10 - -1 - (-311 - (-73 - 197))
33
What is the value of -1 + -15 - ((47 - -48) + -72)?
-39
Calculate 106 + -10 + (-397 - -361).
60
-11 - 108 - (-1721 - -1680)
-78
8 - ((39 - 220) + 43 + 36)
110
-96 - (-46 + -48) - ((6 - 7) + 1 + 6)
-8
Calculate -93 + -63 + (49 - (4 + 7)).
-118
(-29 - -10) + 18 + (66 - 5)
60
What is the value of -132 - (-233 - -1) - 180?
-80
What is 71 + (59 - (139 - 76) - (1 - 2 - -9))?
59
Evaluate -7 + -51 + 209 + -98.
53
Calculate (-54 + 42 - -49) + -28.
9
What is the value of 3 - (-3 + 1) - (-4825 - -4859)?
-29
What is -64 + (0 - -13) + (-144 - -141) + 8?
-46
Evaluate -9 + 12 + 10 + -9 + (57 - 5).
56
Evaluate -152 - 4 - (-51 + 34) - (-8 - 12).
-119
Evaluate 30 + 6 + (5 - 23) + (1 - 65).
-46
What is (908 - 919) + -1 + 15 - -8?
11
-48 - 5 - (13 - (14 - (-14 - -5))) - -4
-39
Calculate 248 + -226 - (-7 + (26 + -20 - (9 - 1))).
31
Evaluate -9 + (-35 - 7) - -124.
73
What is 9 + (-22 - (-18 + 49 + 3))?
-47
Calculate (19 - -18) + -25 + -41 - -11.
-18
What is the value of 44 - (21 - 9) - (-28 - -68)?
-8
What is (39 - ((40 - 70) + 29)) + -40?
0
What is the value of -54 + -61 + (-53 - -125)?
-43
44 + (-20 + 7 - 31) + (0 - -8 - 0)
8
(-9 - ((-35 - -53) + -25)) + -63
-65
-13 + 29 - (44 - -1 - 4)
-25
Calculate -789 - -776 - (1 - 72).
58
What is -222 - -212 - (-1 + 1 + -5 - 1 - 4)?
0
(7 - (7 + (3 - 5))) + 0 - (85 + -154)
71
What is the value of -13 + -27 - (133 - 129)?
-44
2109 + -2055 - (1 + 41)
12
What is the value of -13 - (-12 - (26 - 39)) - -18?
4
Calculate (1 - -2) + (-20 + 11 - -6) + 12.
12
Evaluate 18 - (-55 - -20 - -21 - (-2 - 18)).
12
What is the value of (-79 - 4) + -4045 + 4002?
-126
Evaluate -44 + 47 + 43 + -72.
-26
Evaluate (-1 - -57 - (-18 + (22 - 27 - -21))) + -6.
52
Calculate 0 + 12 - (25 - (-8 + -11 - -37)).
5
Calculate 357 - 234 - (6 - (-2 + (-2 - -5 - 1))).
117
Calculate 1 - 14 - (981 + -984).
-10
What is the value of (0 - 31) + -1 + -31 + -39?
-102
What is (-593 - -572) + (-1 - 0) + 3 + 116?
97
Evaluate (11 - -24) + -47 + -47.
-59
What is (37 + -22 - (30 - 12)) + -18?
-21
What is -44 + (-2 - (8 - 7 - (5 + 2)))?
-40
(-13 - (17 - 20)) + 0 + 2 - -20
12
What is the value of 19 + (36 - (29 - (-20 - -12 - -21)))?
39
Evaluate 2 - -4 - ((24 - -2 - 14) + 0).
-6
(-2 - -1) + (6 - 13) - (50 - (108 - 18))
32
Evaluate 2 + (-12 - -15) + (-9 - -95 - (-16 - -6)).
101
Evaluate 11 - (21 + -25 - -17 - (-4 - -23)).
17
Evaluate 3 - (77 - 76) - (0 - -1) - (2 - 0).
-1
What is -19 - (-63 - -3) - (5 + (-15 - -6))?
45
-11 + -33 - 10 - (20 - (10 + -5))
-69
Calculate 1 - (19 - -8 - (-10 - (2 + -19))).
-19
What is (-14 - (-4 + 107) - (-16 - 0)) + 1 + 13?
-87
Calculate (-54 - (-61 - -30)) + 9 + 0.
-14
What is the value of 30 + 15 + -107 + 25?
-37
Calculate (-53 - (155 - 388)) + -82.
98
Evaluate (36 - 11) + 7 - -10 - (2 -